3 - (14 - 8))?
-41
Evaluate -39 + 9 + 57 + -21 + 110.
116
What is 4 - ((-2 - -9) + (2 - (-26 + 11) - 78))?
58
Evaluate -25 + -31 + 42 + 1 + 3.
-10
What is (-44 - -2) + (-7 - ((-5 - 7) + -16 + 8))?
-29
Calculate (-2 - -1 - 3) + (332 - 338 - (-3 + -1)).
-6
What is 568 + -585 + 33 + 0 + -28?
-12
What is the value of (-179 - (-24 + -239)) + (-10 - 1)?
73
Calculate (303 - 296) + (-5 - (74 + -2)) - -7.
-63
What is the value of (-6 - 3) + (19 - (-3 - 98) - 27)?
84
82 + -127 - (147 + -212)
20
What is the value of -54 - 6 - -42 - -48?
30
What is the value of 25 - (12 - 0 - (55 - (-2 - -65)))?
5
What is 0 + 28 + -47 + -16?
-35
What is 2 - 4 - -121 - (0 + 10 + -5236 + 5216)?
129
Calculate -10467 - -10478 - (72 - (2 - 2 - 0)).
-61
What is the value of 11 - (9 + -15 - 38) - 16?
39
What is -68 - (35 - 65 - 15)?
-23
Evaluate 97 - (34 + -13 + 99).
-23
Calculate (1 + 0 - -15 - (-201 - -243)) + -13.
-39
Calculate -120 + (-122 - -3 - -306).
67
-12 - (-22 + (-6 - (-6 - 8))) - (31 + -2)
-27
(3 - 0 - (-13 + -21 - -7)) + 11
41
What is the value of 12 + 3 + (-54 - 11 - (-11 + 4))?
-43
What is -29 + (-2 - -1) - (196 + (-97 - 101)) - 12?
-40
-53 - (-33 - ((11 - 38) + 19))
-28
Evaluate (-5 + 13 - (4 + -8)) + 8 + (49 - -6).
75
Evaluate 13 + (-2 + 20 - 17 - 16) + (1 - 12).
-13
Calculate (-5 + -1 + -16 + 18 - -7) + 93.
96
What is the value of -31 - 0 - (1370 + -1473)?
72
Evaluate -13 - ((-146 - -168) + (4 - 18)) - 50.
-71
39 - (14 + 8) - -16 - -22
55
Calculate (-8 - 12) + -6 + 5 + 12 + -15.
-24
What is -586 + 645 - (0 - (-19 - 0))?
40
Calculate (-18 + (39 - 15) - (-6 - 3)) + (55 - 12).
58
What is -33 + (13 - (4 - (9 + -1)))?
-16
Evaluate (-66 - 12 - -148) + -95.
-25
-44 + (-49 - (65 + -130))
-28
Evaluate -140 + (9 - -144) + (-1 - 53).
-41
Calculate (-23 - (6 + -12)) + (7 + 20 - 7).
3
Evaluate 31 - (88 - (31 + -6)) - -8.
-24
What is -7 - (0 + -29 + 21 + -2 + 59)?
-56
What is the value of -15 + 37 + -7 + -4 + 0?
11
What is the value of (7 - 24 - -46) + -9 - -7?
27
What is the value of 23 + -8 - (-57 - (-98 + 40))?
14
What is the value of -51 + 9 + 10 + 42?
10
Calculate (-24 - (-3 + 3)) + (-1377 - -1438).
37
Calculate -51 - (50 + -48) - (2 - 3 - -4).
-56
-197 + 90 - -67 - -47
7
(32 - 0 - 16 - 20) + (3 - -4)
3
Calculate (-189 - -207) + (-8 + 7 - 81) + -4.
-68
Calculate 12 + (-6 - 3) + 4 + (-7 - (2 - 16)).
14
What is 7 + 0 - (68 - (-9 - (15 - 8 - 28)))?
-49
What is the value of 55 - ((428 - 413 - (15 - -2)) + 4 + -1)?
54
Evaluate -10 - (-4 - -3) - 32.
-41
What is the value of (-2 - 25) + -41 + -39 + 84 + -2 + 10?
-15
Evaluate 22 + (2 - ((-14 - 5) + -23)) + 2 + 2.
70
Calculate 10 + (41 + -30 - (56 + -10)).
-25
Calculate -66 + 1 + (306 - 195 - 72).
-26
Evaluate (-82 - (-15 + -64)) + -6.
-9
9 + -34 - (-16 + 64) - -4
-69
What is (21837 - 21945) + 1 + 68?
-39
What is the value of 3 + 12 + (4 + -8 - (5 - (-19 + 38)))?
25
Evaluate -24 + 132 + (-89 - -35).
54
(-17 + -13 - -64) + -25
9
Calculate (13 - (19 + -31 + 11)) + -16 + 62.
60
Evaluate -12 - (9 + (-47 - -3) + -35 + 39).
19
24 + -46 + -116 - ((0 + -5 - 5) + 7)
-135
Evaluate (33 - 2) + (-10 + 21 - 27) - 35.
-20
What is the value of 0 - ((-6 - -20) + -9 + -16) - -106?
117
-11 + (3 - ((8 - 15) + 15)) + -13
-29
(14 - 12 - (2 + -4) - (115 - 32)) + -6
-85
(-195 - -187) + (18 - -1) + 24 + 5 + 0
40
Calculate -2 - (-1 - -8) - -20 - (-4 - -6).
9
Evaluate (93 - 0) + (1287 - 1304).
76
Evaluate -3 + -17 + (54 - 117) + 9 + 12.
-62
-17 + 1 + -4 - (321 + -322)
-19
Evaluate (-18 - (-20 - -34 - 14)) + 0 + -1.
-19
Calculate 1191 - 1181 - (3 - (2 + 3) - 12).
24
Calculate 5 + -3 + (0 - (-14 + -56)) + (23 - 15).
80
What is the value of (-49 - 0) + 0 + 41 + -129 + 95?
-42
Evaluate -122 + -33 - (-743 + 691).
-103
What is the value of 49 + -97 + (-73 - -204)?
83
Evaluate -37 + 28 + -63 + 47.
-25
What is -20 - (17 + 2) - -29 - -4?
-6
Evaluate (-169 - -157) + (11 - -48).
47
Calculate (81 - -1) + 115 + -126 + 15 + -1.
85
Evaluate -321 - -314 - (-4 + 26 + -4 + 4).
-29
What is (0 - -26) + 58 + -37 + -4 + -8?
35
Evaluate -63 - -3 - ((-28 - (-22 - -12)) + 17).
-59
Calculate -9 + (-562 - -582 - (27 + 0)).
-16
Evaluate -2 + 10 + 19 + -49 + (16 - -1).
-5
What is the value of 0 + 5 + 34 + -43 + 22?
18
What is (19 - 12 - 12) + (-34 - -6) + -71?
-104
What is (-1100 - -1114) + 0 + (-1 - 4) + 2 + 96?
107
What is (40 - (11 + 17) - (-1 + 26)) + -1 + 2?
-12
What is the value of 3 - (-8 + 1 - (21 + (-17 - 3))) - -40?
51
What is -263 + 266 + (8 - 0) + 0 + (1 - -5)?
17
What is the value of -48 - 0 - (-76 + -29)?
57
Calculate -39 - (1 + 34 + -19 + 25).
-80
What is -6 - ((-3 - -11) + -24) - (-35 - 10)?
55
Calculate (36 - (-130 - -164)) + 0 + 29.
31
4 + -55 + 47 + (11 - 49)
-42
14 - (-103 - -78 - (3 - 2))
40
What is 9 + (-16 - -52) + (-6 + (-3 - -16) - 4)?
48
(-16 - 2) + 27 + 5 + -39 - -15
-10
Calculate ((666 - 684) + -1 + 6 - (1 - 24)) + 19.
29
-155 + (-7 - -13) + -4 - (17 + 34 - 62)
-142
Evaluate 2 - (-15 + 4 + 13 + -13 + -7).
20
-12 - ((-16 - (-29 + 11 - 68)) + -19)
-63
-36 + -6 + (-38 - -11) + 30
-39
49 + 9 + -157 - ((-1 - 4) + (-18 - -10))
-86
What is the value of 0 + -3 + (6 - (28 - 20) - -25)?
20
What is the value of (-2 - -1) + (29 - (15 + -127 + (10 - 7)))?
137
Evaluate (-5 - 106) + 159 + -78.
-30
Evaluate -19 + -390 + 405 + (-1 - -44).
39
What is (11 - 13) + 22 + -23 + 8?
5
57 + 16 - (2 - -1)
70
What is 5 - (25 + 12) - 8?
-40
Evaluate 128 + 2 + -6 + -25 + (13 - -2).
114
What is the value of 110 - ((52 - -40) + 131)?
-113
Calculate ((-4 + 2 - -6) + 4 - -11) + -10.
9
(-13 - (-8 - (0 + 5 + 1))) + (54 - -1)
56
What is -76 + 17 + -4 + 1 + -22 + 18?
-66
What is the value of 33 - (0 - 3) - (-7518 - -7495)?
59
-78 - (-30 - (-76 + 75))
-49
What is 44 - (24 - 67 - -44)?
43
Calculate -2 - (81 - 43 - -4).
-44
What is 45 + -44 + 2 - (-9 - 0) - (90 + 3)?
-81
-37 - (2 + -43 - (250 - 284))
-30
What is the value of 38 - 29 - (-5 - (1 - 19))?
-4
Calculate 4 - ((125 - 128) + -3 + 1) - 7.
2
Calculate 50 + -32 + -4 + (-2 - (0 + (11 - 7))).
8
What is the value of -2654 + 2645 + 124 + 6 + -4?
117
Evaluate (92 + -41 - 121) + 12.
-58
What is the value of -14 + ((-14 - 10) + 6 - -18)?
-14
Calculate (10 - -10) + 3 - -6 - 33.
-4
Calculate (-3 - -2) + -3 + -3 - (11 - (-11 - -19)).
-10
Evaluate -9 + 4 - (-139 + 112 + -99).
121
76 + 2 + 2 + (1 - 41 - (17 - 64))
87
(7 - (18 - -5) - (22 + -28)) + (-3 - -14)
1
What is the value of 103 + -85 - (-65 + -3 + 4) - (11 + -2)?
73
2 + -6 + (-30 - -28 - -21)
15
Calculate -33 + 37 + (9 + -4 - 4) - (1 - 47).
51
What is (-7 - -2 - 0) + (-471 - -511) - (-8 - -1)?
42
Evaluate -82 + (-35 - -7 - -35) + -12.
-87
What is the value of 4775 + -4797 + 25 + (1 - 2)?
2
-48 - 13 - -68 - 107
-100
Calculate 0 + (0 + -48 - -50 - ((-34 - 2) + -2)).
40
-6 - (61 - (-45 - -85))
-27
5 - (0 + -4 + 6) - (10 + (-51 - -4))
40
Calculate -19 - (-32 + 48) - -8.
-27
What is the value of (113 + -10 - -10) + -11 - 19 - -19?
102
What is the value of (-202 - -227) + (3 - 1) + (-2 - 13)?
12
What is the value of -137 - (-156 - -117) - -148?
50
Calculate 408 - 548 - (-113 + -17).
-10
Evaluate 206 - (-55 + 81 + 100).
80
Calculate (6 + 15 + -20 - -3) + 5.
9
Evaluate 16 + -31 + (9 - 0) + -20.
-26
What is the value of 85 + -48 + -11 + -3 + 2 + -4?
21
What is -36 + -11 + (-11 - (21 + -16)) - 6?
-69
What is (-1 + -3 - 0) + -2 + 0 - (928 - 916)?
-18
Evaluate (3 - 1) + -22 + -2 + 12 + 8 - -23.
21
Calculate 12 + -60 + (219 - 188).
-17
Evaluate 1 + 19 + (23 - 27) + -71 + -1.
-56
-18 + ((-6 - 1) + -6 - -18)
-13
What is 10 + -4 + -19 + (34 - 0) + 10?
31
What is the value of -44 + (6 + 10 + -6 - -2 - (10 - 9))?
-33
28 - ((140 - 138) + -4 + (-4 - 3))
37
What is (108 + -117 - (1 - 24 - -1)) + 6 + -90?
-71
What is the value of -20 + (0 + -28 + 35 - ((6 - -1) + 1))?
-21
Evaluate (39 - 109) + -70 + 88.
-52
Calculate (17 - (6 + 1 - (-74 - -68))) + 6.
10
What is 57 - (127 - -1 - 82)?
11
What is -1 + 0 - (-2 - 3 - (81 + -59))?
26
What is the value of -54 + (-1 - 7) + 54?
-8
Evaluate -90 + (-36 - 5) + 15 - -30.
-86
What is the value of 21 + -16 + -23 + 33 - (-56 + 3)?
68
What is the value of -13 - (-1 + 11 + -23 + -7)?
7
48 + -19 + -10 + -91 + 24
-48
What is the value of (-9 - -10 - (10 + -10)) + 19 - (-1 - -8)?
13
Calculate (61 - (22 - 9)) + (-48 - -21) + 27.
48
What is the value of -8 - (-15 + (-2 - (28 + -21)))?
